{"id":1302,"date":"2024-01-16T22:21:50","date_gmt":"2024-01-16T21:21:50","guid":{"rendered":"http:\/\/new.zum-skierniewice.pl\/?page_id=1302"},"modified":"2026-04-14T10:37:23","modified_gmt":"2026-04-14T08:37:23","slug":"o-nas","status":"publish","type":"page","link":"https:\/\/zum-skierniewice.pl\/index.php\/o-nas\/","title":{"rendered":"O NAS"},"content":{"rendered":"<h5 style=\"text-align: justify;\"><span style=\"color: #854314;\"><strong>Zak\u0142ad Utrzymania Miasta w Skierniewicach Sp. z o.o.<\/strong><\/span> <span style=\"color: #000000;\">dba o czysto\u015b\u0107 i estetyk\u0119 teren\u00f3w miejskich. W ramach podstawowych zada\u0144 pracownicy sp\u00f3\u0142ki zajmuj\u0105 si\u0119 tworzeniem i utrzymaniem zieleni, oczyszczaniem ulic i chodnik\u00f3w oraz zachowaniem porz\u0105dku na placach zabaw. Posiadamy za\u0142og\u0119 i niezb\u0119dny sprz\u0119t, kt\u00f3ry pozwala utrzymywa\u0107 bezpiecze\u0144stwo na g\u0142\u00f3wnych ci\u0105gach komunikacyjnych (ulicach i chodnikach) w trakcie trwania zimowych miesi\u0119cy.<\/span><\/h5>\n<h5 style=\"text-align: justify;\"><span style=\"color: #000000;\">Swoje dzia\u0142ania ogniskujemy r\u00f3wnie\u017c wok\u00f3\u0142 prowadzenia schroniska dla bezdomnych zwierz\u0105t, targowiska miejskiego oraz o\u015bwietlenia ulicznego. Poni\u017cej znajdziecie Pa\u0144stwo efekty naszej pracy w<\/span> <strong><span style=\"color: #854314;\">miesi\u0119cznych podsumowaniach<\/span> <\/strong>\ud83d\ude42<\/h5>\n<h2 style=\"text-align: center;\"><span style=\"color: #993300;\"><strong>\u00a0\u00a0\u00a0\u00a0<span style=\"color: #804121;\">\u00a0\u00a0 P \u00a0 <\/span><\/strong><\/span><span style=\"color: #804121;\"><strong>O \u00a0\u00a0<\/strong><\/span><span style=\"color: #993300;\"><strong><span style=\"color: #804121;\">D \u00a0 S \u00a0 U \u00a0 M \u00a0 O \u00a0 W \u00a0 A \u00a0 N \u00a0 I \u00a0 A \u00a0 \u00a0 \u00a0\u00a0<\/span> <\/strong><\/span><\/h2>\n<h3 style=\"text-align: center;\"><span style=\"color: #993300;\"><strong><span style=\"color: #876c5f;\">N \u00a0 A \u00a0 S \u00a0 Z \u00a0 E \u00a0 J \u00a0 \u00a0\u00a0\u00a0 \u00a0 P \u00a0 R \u00a0 A \u00a0 C\u00a0\u00a0 Y<\/span><br \/>\n<\/strong><\/span><\/h3>\n<p>&nbsp;<\/p>\n<p>&nbsp;<\/p>\n<style>.wp-show-posts-columns#wpsp-1837 {margin-left: -2em; }.wp-show-posts-columns#wpsp-1837 .wp-show-posts-inner {margin: 0 0 2em 2em; }<\/style><section id=\"wpsp-1837\" class=\" wp-show-posts-columns wp-show-posts\" style=\"\"><article class=\" wp-show-posts-single post-2198 post type-post status-publish format-standard has-post-thumbnail hentry category-o-nas-2024 wpsp-col-6\" itemtype=\"http:\/\/schema.org\/CreativeWork\" itemscope><div class=\"wp-show-posts-inner\" style=\"\">\t\t<div class=\"wp-show-posts-image  wpsp-image-center \">\n\t\t\t<a href=\"https:\/\/zum-skierniewice.pl\/index.php\/2024\/05\/14\/maj-podsumowanie\/\"  title=\"Maj &#8211; podsumowanie\"><img loading=\"lazy\" decoding=\"async\" width=\"1152\" height=\"593\" src=\"https:\/\/zum-skierniewice.pl\/wp-content\/uploads\/2024\/05\/S-I-E-R-P-I-E-N-2.png\" class=\"attachment-full size-full wp-post-image\" alt=\"\" itemprop=\"image\" srcset=\"https:\/\/zum-skierniewice.pl\/wp-content\/uploads\/2024\/05\/S-I-E-R-P-I-E-N-2.png 1152w, https:\/\/zum-skierniewice.pl\/wp-content\/uploads\/2024\/05\/S-I-E-R-P-I-E-N-2-300x154.png 300w, https:\/\/zum-skierniewice.pl\/wp-content\/uploads\/2024\/05\/S-I-E-R-P-I-E-N-2-1024x527.png 1024w, https:\/\/zum-skierniewice.pl\/wp-content\/uploads\/2024\/05\/S-I-E-R-P-I-E-N-2-768x395.png 768w\" sizes=\"auto, (max-width: 1152px) 100vw, 1152px\" \/><\/a>\t\t<\/div>\n\t\t\t\t\t\t\t\t<div class=\"wp-show-posts-entry-summary\" itemprop=\"text\">\n\t\t\t\t\t\t\t\t\t\t\t\t\t<\/div><!-- .entry-summary -->\n\t\t\t\t\t<\/div><!-- wp-show-posts-inner --><\/article><article class=\" wp-show-posts-single post-2195 post type-post status-publish format-standard has-post-thumbnail hentry category-o-nas-2024 wpsp-col-6\" itemtype=\"http:\/\/schema.org\/CreativeWork\" itemscope><div class=\"wp-show-posts-inner\" style=\"\">\t\t<div class=\"wp-show-posts-image  wpsp-image-center \">\n\t\t\t<a href=\"https:\/\/zum-skierniewice.pl\/index.php\/2024\/05\/14\/kwiecien-podsumowanie\/\"  title=\"Kwiecie\u0144 &#8211; podsumowanie\"><img loading=\"lazy\" decoding=\"async\" width=\"1152\" height=\"593\" src=\"https:\/\/zum-skierniewice.pl\/wp-content\/uploads\/2024\/05\/S-I-E-R-P-I-E-N-1.png\" class=\"attachment-full size-full wp-post-image\" alt=\"\" itemprop=\"image\" srcset=\"https:\/\/zum-skierniewice.pl\/wp-content\/uploads\/2024\/05\/S-I-E-R-P-I-E-N-1.png 1152w, https:\/\/zum-skierniewice.pl\/wp-content\/uploads\/2024\/05\/S-I-E-R-P-I-E-N-1-300x154.png 300w, https:\/\/zum-skierniewice.pl\/wp-content\/uploads\/2024\/05\/S-I-E-R-P-I-E-N-1-1024x527.png 1024w, https:\/\/zum-skierniewice.pl\/wp-content\/uploads\/2024\/05\/S-I-E-R-P-I-E-N-1-768x395.png 768w\" sizes=\"auto, (max-width: 1152px) 100vw, 1152px\" \/><\/a>\t\t<\/div>\n\t\t\t\t\t\t\t\t<div class=\"wp-show-posts-entry-summary\" itemprop=\"text\">\n\t\t\t\t\t\t\t\t\t\t\t\t\t<\/div><!-- .entry-summary -->\n\t\t\t\t\t<\/div><!-- wp-show-posts-inner --><\/article><article class=\" wp-show-posts-single post-2192 post type-post status-publish format-standard has-post-thumbnail hentry category-o-nas-2024 wpsp-col-6\" itemtype=\"http:\/\/schema.org\/CreativeWork\" itemscope><div class=\"wp-show-posts-inner\" style=\"\">\t\t<div class=\"wp-show-posts-image  wpsp-image-center \">\n\t\t\t<a href=\"https:\/\/zum-skierniewice.pl\/index.php\/2024\/05\/14\/marzec-podsumowanie\/\"  title=\"Marzec &#8211; podsumowanie\"><img loading=\"lazy\" decoding=\"async\" width=\"1152\" height=\"593\" src=\"https:\/\/zum-skierniewice.pl\/wp-content\/uploads\/2024\/05\/S-I-E-R-P-I-E-N-3.png\" class=\"attachment-full size-full wp-post-image\" alt=\"\" itemprop=\"image\" srcset=\"https:\/\/zum-skierniewice.pl\/wp-content\/uploads\/2024\/05\/S-I-E-R-P-I-E-N-3.png 1152w, https:\/\/zum-skierniewice.pl\/wp-content\/uploads\/2024\/05\/S-I-E-R-P-I-E-N-3-300x154.png 300w, https:\/\/zum-skierniewice.pl\/wp-content\/uploads\/2024\/05\/S-I-E-R-P-I-E-N-3-1024x527.png 1024w, https:\/\/zum-skierniewice.pl\/wp-content\/uploads\/2024\/05\/S-I-E-R-P-I-E-N-3-768x395.png 768w\" sizes=\"auto, (max-width: 1152px) 100vw, 1152px\" \/><\/a>\t\t<\/div>\n\t\t\t\t\t\t\t\t<div class=\"wp-show-posts-entry-summary\" itemprop=\"text\">\n\t\t\t\t\t\t\t\t\t\t\t\t\t<\/div><!-- .entry-summary -->\n\t\t\t\t\t<\/div><!-- wp-show-posts-inner --><\/article><article class=\" wp-show-posts-single post-2131 post type-post status-publish format-standard has-post-thumbnail hentry category-o-nas-2024 wpsp-col-6\" itemtype=\"http:\/\/schema.org\/CreativeWork\" itemscope><div class=\"wp-show-posts-inner\" style=\"\">\t\t<div class=\"wp-show-posts-image  wpsp-image-center \">\n\t\t\t<a href=\"https:\/\/zum-skierniewice.pl\/index.php\/2024\/05\/14\/luty-podsumowanie\/\"  title=\"LUTY &#8211; Podsumowanie\"><img loading=\"lazy\" decoding=\"async\" width=\"1152\" height=\"593\" src=\"https:\/\/zum-skierniewice.pl\/wp-content\/uploads\/2024\/05\/S-I-E-R-P-I-E-N-4.png\" class=\"attachment-full size-full wp-post-image\" alt=\"\" itemprop=\"image\" srcset=\"https:\/\/zum-skierniewice.pl\/wp-content\/uploads\/2024\/05\/S-I-E-R-P-I-E-N-4.png 1152w, https:\/\/zum-skierniewice.pl\/wp-content\/uploads\/2024\/05\/S-I-E-R-P-I-E-N-4-300x154.png 300w, https:\/\/zum-skierniewice.pl\/wp-content\/uploads\/2024\/05\/S-I-E-R-P-I-E-N-4-1024x527.png 1024w, https:\/\/zum-skierniewice.pl\/wp-content\/uploads\/2024\/05\/S-I-E-R-P-I-E-N-4-768x395.png 768w\" sizes=\"auto, (max-width: 1152px) 100vw, 1152px\" \/><\/a>\t\t<\/div>\n\t\t\t\t\t\t\t\t<div class=\"wp-show-posts-entry-content\" itemprop=\"text\">\n\t\t\t\t\t\t\t<div class=\"xdj266r x11i5rnm xat24cr x1mh8g0r x1vvkbs x126k92a\">\n<div dir=\"auto\"><\/div>\n<\/div>\n\t\t\t\t\t\t<\/div><!-- .entry-content -->\n\t\t\t\t\t<\/div><!-- wp-show-posts-inner --><\/article><article class=\" wp-show-posts-single post-1425 post type-post status-publish format-standard has-post-thumbnail hentry category-o-nas-2024 wpsp-col-6\" itemtype=\"http:\/\/schema.org\/CreativeWork\" itemscope><div class=\"wp-show-posts-inner\" style=\"\">\t\t<div class=\"wp-show-posts-image  wpsp-image-center \">\n\t\t\t<a href=\"https:\/\/zum-skierniewice.pl\/index.php\/2024\/02\/05\/styczen-podsumowanie\/\"  title=\"STYCZE\u0143 &#8211; Podsumowanie\"><img loading=\"lazy\" decoding=\"async\" width=\"1152\" height=\"593\" src=\"https:\/\/zum-skierniewice.pl\/wp-content\/uploads\/2024\/02\/S-I-E-R-P-I-E-N.jpg\" class=\"attachment-full size-full wp-post-image\" alt=\"\" itemprop=\"image\" srcset=\"https:\/\/zum-skierniewice.pl\/wp-content\/uploads\/2024\/02\/S-I-E-R-P-I-E-N.jpg 1152w, https:\/\/zum-skierniewice.pl\/wp-content\/uploads\/2024\/02\/S-I-E-R-P-I-E-N-300x154.jpg 300w, https:\/\/zum-skierniewice.pl\/wp-content\/uploads\/2024\/02\/S-I-E-R-P-I-E-N-1024x527.jpg 1024w, https:\/\/zum-skierniewice.pl\/wp-content\/uploads\/2024\/02\/S-I-E-R-P-I-E-N-768x395.jpg 768w\" sizes=\"auto, (max-width: 1152px) 100vw, 1152px\" \/><\/a>\t\t<\/div>\n\t\t\t\t\t\t\t\t<div class=\"wp-show-posts-entry-content\" itemprop=\"text\">\n\t\t\t\t\t\t\t<h5 dir=\"auto\"><\/h5>\n\t\t\t\t\t\t<\/div><!-- .entry-content -->\n\t\t\t\t\t<\/div><!-- wp-show-posts-inner --><\/article><div class=\"wpsp-clear\"><\/div><\/section><!-- .wp-show-posts -->\n<p style=\"font-size: 30px;\">\n<style>.wp-show-posts-columns#wpsp-1300 {margin-left: -2em; }.wp-show-posts-columns#wpsp-1300 .wp-show-posts-inner {margin: 0 0 2em 2em; }<\/style><section id=\"wpsp-1300\" class=\" wp-show-posts-columns wp-show-posts\" style=\"\"><article class=\" wp-show-posts-single post-1265 post type-post status-publish format-standard has-post-thumbnail hentry category-o-nas wpsp-col-6\" itemtype=\"http:\/\/schema.org\/CreativeWork\" itemscope><div class=\"wp-show-posts-inner\" style=\"\">\t\t<div class=\"wp-show-posts-image  wpsp-image-center \">\n\t\t\t<a href=\"https:\/\/zum-skierniewice.pl\/index.php\/2024\/01\/15\/grudzien-podsumowanie\/\"  title=\"GRUDZIE\u0143 &#8211; Podsumowanie\"><img loading=\"lazy\" decoding=\"async\" width=\"1152\" height=\"593\" src=\"https:\/\/zum-skierniewice.pl\/wp-content\/uploads\/2024\/01\/S-I-E-R-P-I-E-N1.jpg\" class=\"attachment-full size-full wp-post-image\" alt=\"\" itemprop=\"image\" srcset=\"https:\/\/zum-skierniewice.pl\/wp-content\/uploads\/2024\/01\/S-I-E-R-P-I-E-N1.jpg 1152w, https:\/\/zum-skierniewice.pl\/wp-content\/uploads\/2024\/01\/S-I-E-R-P-I-E-N1-300x154.jpg 300w, https:\/\/zum-skierniewice.pl\/wp-content\/uploads\/2024\/01\/S-I-E-R-P-I-E-N1-1024x527.jpg 1024w, https:\/\/zum-skierniewice.pl\/wp-content\/uploads\/2024\/01\/S-I-E-R-P-I-E-N1-768x395.jpg 768w\" sizes=\"auto, (max-width: 1152px) 100vw, 1152px\" \/><\/a>\t\t<\/div>\n\t\t\t\t\t\t\t\t<div class=\"wp-show-posts-entry-summary\" itemprop=\"text\">\n\t\t\t\t\t\t\t\t\t\t\t\t\t<\/div><!-- .entry-summary -->\n\t\t\t\t\t<\/div><!-- wp-show-posts-inner --><\/article><article class=\" wp-show-posts-single post-1206 post type-post status-publish format-standard has-post-thumbnail hentry category-o-nas wpsp-col-6\" itemtype=\"http:\/\/schema.org\/CreativeWork\" itemscope><div class=\"wp-show-posts-inner\" style=\"\">\t\t<div class=\"wp-show-posts-image  wpsp-image-center \">\n\t\t\t<a href=\"https:\/\/zum-skierniewice.pl\/index.php\/2024\/01\/15\/listopad-podsumowanie\/\"  title=\"LISTOPAD &#8211; Podsumowanie\"><img loading=\"lazy\" decoding=\"async\" width=\"1152\" height=\"593\" src=\"https:\/\/zum-skierniewice.pl\/wp-content\/uploads\/2023\/12\/2.png\" class=\"attachment-full size-full wp-post-image\" alt=\"\" itemprop=\"image\" srcset=\"https:\/\/zum-skierniewice.pl\/wp-content\/uploads\/2023\/12\/2.png 1152w, https:\/\/zum-skierniewice.pl\/wp-content\/uploads\/2023\/12\/2-300x154.png 300w, https:\/\/zum-skierniewice.pl\/wp-content\/uploads\/2023\/12\/2-1024x527.png 1024w, https:\/\/zum-skierniewice.pl\/wp-content\/uploads\/2023\/12\/2-768x395.png 768w\" sizes=\"auto, (max-width: 1152px) 100vw, 1152px\" \/><\/a>\t\t<\/div>\n\t\t\t\t\t\t\t\t<div class=\"wp-show-posts-entry-summary\" itemprop=\"text\">\n\t\t\t\t\t\t\t\t\t\t\t\t\t<\/div><!-- .entry-summary -->\n\t\t\t\t\t<\/div><!-- wp-show-posts-inner --><\/article><article class=\" wp-show-posts-single post-951 post type-post status-publish format-standard has-post-thumbnail hentry category-o-nas wpsp-col-6\" itemtype=\"http:\/\/schema.org\/CreativeWork\" itemscope><div class=\"wp-show-posts-inner\" style=\"\">\t\t<div class=\"wp-show-posts-image  wpsp-image-center \">\n\t\t\t<a href=\"https:\/\/zum-skierniewice.pl\/index.php\/2023\/12\/11\/951\/\"  title=\"PA\u0179DZIERNIK &#8211; Podsumowanie\"><img loading=\"lazy\" decoding=\"async\" width=\"1152\" height=\"593\" src=\"https:\/\/zum-skierniewice.pl\/wp-content\/uploads\/2023\/12\/3.png\" class=\"attachment-full size-full wp-post-image\" alt=\"\" itemprop=\"image\" srcset=\"https:\/\/zum-skierniewice.pl\/wp-content\/uploads\/2023\/12\/3.png 1152w, https:\/\/zum-skierniewice.pl\/wp-content\/uploads\/2023\/12\/3-300x154.png 300w, https:\/\/zum-skierniewice.pl\/wp-content\/uploads\/2023\/12\/3-1024x527.png 1024w, https:\/\/zum-skierniewice.pl\/wp-content\/uploads\/2023\/12\/3-768x395.png 768w\" sizes=\"auto, (max-width: 1152px) 100vw, 1152px\" \/><\/a>\t\t<\/div>\n\t\t\t\t\t\t\t\t<div class=\"wp-show-posts-entry-summary\" itemprop=\"text\">\n\t\t\t\t\t\t\t\t\t\t\t\t\t<\/div><!-- .entry-summary -->\n\t\t\t\t\t<\/div><!-- wp-show-posts-inner --><\/article><article class=\" wp-show-posts-single post-883 post type-post status-publish format-standard has-post-thumbnail hentry category-o-nas wpsp-col-6\" itemtype=\"http:\/\/schema.org\/CreativeWork\" itemscope><div class=\"wp-show-posts-inner\" style=\"\">\t\t<div class=\"wp-show-posts-image  wpsp-image-center \">\n\t\t\t<a href=\"https:\/\/zum-skierniewice.pl\/index.php\/2023\/12\/04\/883\/\"  title=\"WRZESIE\u0143 &#8211; Podsumowanie\"><img loading=\"lazy\" decoding=\"async\" width=\"1152\" height=\"593\" src=\"https:\/\/zum-skierniewice.pl\/wp-content\/uploads\/2023\/12\/4.png\" class=\"attachment-full size-full wp-post-image\" alt=\"\" itemprop=\"image\" srcset=\"https:\/\/zum-skierniewice.pl\/wp-content\/uploads\/2023\/12\/4.png 1152w, https:\/\/zum-skierniewice.pl\/wp-content\/uploads\/2023\/12\/4-300x154.png 300w, https:\/\/zum-skierniewice.pl\/wp-content\/uploads\/2023\/12\/4-1024x527.png 1024w, https:\/\/zum-skierniewice.pl\/wp-content\/uploads\/2023\/12\/4-768x395.png 768w\" sizes=\"auto, (max-width: 1152px) 100vw, 1152px\" \/><\/a>\t\t<\/div>\n\t\t\t\t\t\t\t\t<div class=\"wp-show-posts-entry-content\" itemprop=\"text\">\n\t\t\t\t\t\t\t<h1><\/h1>\n\t\t\t\t\t\t<\/div><!-- .entry-content -->\n\t\t\t\t\t<\/div><!-- wp-show-posts-inner --><\/article><article class=\" wp-show-posts-single post-801 post type-post status-publish format-standard has-post-thumbnail hentry category-o-nas wpsp-col-6\" itemtype=\"http:\/\/schema.org\/CreativeWork\" itemscope><div class=\"wp-show-posts-inner\" style=\"\">\t\t<div class=\"wp-show-posts-image  wpsp-image-center \">\n\t\t\t<a href=\"https:\/\/zum-skierniewice.pl\/index.php\/2023\/12\/04\/801\/\"  title=\"SIERPIE\u0143 &#8211; Podsumowanie\"><img loading=\"lazy\" decoding=\"async\" width=\"1152\" height=\"593\" src=\"https:\/\/zum-skierniewice.pl\/wp-content\/uploads\/2023\/12\/5.png\" class=\"attachment-full size-full wp-post-image\" alt=\"\" itemprop=\"image\" srcset=\"https:\/\/zum-skierniewice.pl\/wp-content\/uploads\/2023\/12\/5.png 1152w, https:\/\/zum-skierniewice.pl\/wp-content\/uploads\/2023\/12\/5-300x154.png 300w, https:\/\/zum-skierniewice.pl\/wp-content\/uploads\/2023\/12\/5-1024x527.png 1024w, https:\/\/zum-skierniewice.pl\/wp-content\/uploads\/2023\/12\/5-768x395.png 768w\" sizes=\"auto, (max-width: 1152px) 100vw, 1152px\" \/><\/a>\t\t<\/div>\n\t\t\t\t\t\t\t\t<div class=\"wp-show-posts-entry-content\" itemprop=\"text\">\n\t\t\t\t\t\t\t<div class=\"\" dir=\"auto\">\n<div id=\":ruk:\" class=\"x1iorvi4 x1pi30zi x1l90r2v x1swvt13\" data-ad-comet-preview=\"message\" data-ad-preview=\"message\">\n<div class=\"x78zum5 xdt5ytf xz62fqu x16ldp7u\">\n<div class=\"xu06os2 x1ok221b\">\n<div class=\"xdj266r x11i5rnm xat24cr x1mh8g0r x1vvkbs x126k92a\">\n<div dir=\"auto\">\n<h5 style=\"text-align: center;\"><\/h5>\n<\/div>\n<h4><\/h4>\n<div dir=\"auto\">\n<\/div>\n<\/div>\n<\/div>\n<\/div>\n<\/div>\n<\/div>\n\t\t\t\t\t\t<\/div><!-- .entry-content -->\n\t\t\t\t\t<\/div><!-- wp-show-posts-inner --><\/article><article class=\" wp-show-posts-single post-765 post type-post status-publish format-standard has-post-thumbnail hentry category-o-nas wpsp-col-6\" itemtype=\"http:\/\/schema.org\/CreativeWork\" itemscope><div class=\"wp-show-posts-inner\" style=\"\">\t\t<div class=\"wp-show-posts-image  wpsp-image-center \">\n\t\t\t<a href=\"https:\/\/zum-skierniewice.pl\/index.php\/2023\/12\/04\/765\/\"  title=\"LIPIEC &#8211; Podsumowanie\"><img loading=\"lazy\" decoding=\"async\" width=\"1152\" height=\"593\" src=\"https:\/\/zum-skierniewice.pl\/wp-content\/uploads\/2023\/12\/6.png\" class=\"attachment-full size-full wp-post-image\" alt=\"\" itemprop=\"image\" srcset=\"https:\/\/zum-skierniewice.pl\/wp-content\/uploads\/2023\/12\/6.png 1152w, https:\/\/zum-skierniewice.pl\/wp-content\/uploads\/2023\/12\/6-300x154.png 300w, https:\/\/zum-skierniewice.pl\/wp-content\/uploads\/2023\/12\/6-1024x527.png 1024w, https:\/\/zum-skierniewice.pl\/wp-content\/uploads\/2023\/12\/6-768x395.png 768w\" sizes=\"auto, (max-width: 1152px) 100vw, 1152px\" \/><\/a>\t\t<\/div>\n\t\t\t\t\t\t\t\t<div class=\"wp-show-posts-entry-content\" itemprop=\"text\">\n\t\t\t\t\t\t\t<h5 style=\"text-align: center;\"><\/h5>\n\t\t\t\t\t\t<\/div><!-- .entry-content -->\n\t\t\t\t\t<\/div><!-- wp-show-posts-inner --><\/article><article class=\" wp-show-posts-single post-608 post type-post status-publish format-standard has-post-thumbnail hentry category-o-nas wpsp-col-6\" itemtype=\"http:\/\/schema.org\/CreativeWork\" itemscope><div class=\"wp-show-posts-inner\" style=\"\">\t\t<div class=\"wp-show-posts-image  wpsp-image-center \">\n\t\t\t<a href=\"https:\/\/zum-skierniewice.pl\/index.php\/2023\/12\/01\/czerwiec-podsumowanie\/\"  title=\"CZERWIEC &#8211; Podsumowanie\"><img loading=\"lazy\" decoding=\"async\" width=\"1152\" height=\"593\" src=\"https:\/\/zum-skierniewice.pl\/wp-content\/uploads\/2023\/12\/7.png\" class=\"attachment-full size-full wp-post-image\" alt=\"\" itemprop=\"image\" srcset=\"https:\/\/zum-skierniewice.pl\/wp-content\/uploads\/2023\/12\/7.png 1152w, https:\/\/zum-skierniewice.pl\/wp-content\/uploads\/2023\/12\/7-300x154.png 300w, https:\/\/zum-skierniewice.pl\/wp-content\/uploads\/2023\/12\/7-1024x527.png 1024w, https:\/\/zum-skierniewice.pl\/wp-content\/uploads\/2023\/12\/7-768x395.png 768w\" sizes=\"auto, (max-width: 1152px) 100vw, 1152px\" \/><\/a>\t\t<\/div>\n\t\t\t\t\t\t\t\t<div class=\"wp-show-posts-entry-content\" itemprop=\"text\">\n\t\t\t\t\t\t\t<div class=\"x11i5rnm xat24cr x1mh8g0r x1vvkbs xtlvy1s x126k92a\">\n<h5 style=\"text-align: center;\"><\/h5>\n<h1 dir=\"auto\" style=\"text-align: center;\"><\/h1>\n<\/div>\n\t\t\t\t\t\t<\/div><!-- .entry-content -->\n\t\t\t\t\t<\/div><!-- wp-show-posts-inner --><\/article><div class=\"wpsp-clear\"><\/div><\/section><!-- .wp-show-posts -->\n","protected":false},"excerpt":{"rendered":"<p>Zak\u0142ad Utrzymania Miasta w Skierniewicach Sp. z o.o. dba o czysto\u015b\u0107 i estetyk\u0119 teren\u00f3w miejskich. W ramach podstawowych zada\u0144 pracownicy sp\u00f3\u0142ki zajmuj\u0105 si\u0119 tworzeniem i utrzymaniem zieleni, oczyszczaniem ulic i chodnik\u00f3w oraz zachowaniem porz\u0105dku na placach zabaw. Posiadamy za\u0142og\u0119 i niezb\u0119dny sprz\u0119t, kt\u00f3ry pozwala utrzymywa\u0107 bezpiecze\u0144stwo na g\u0142\u00f3wnych ci\u0105gach komunikacyjnych (ulicach i chodnikach) w trakcie [&hellip;]<\/p>\n","protected":false},"author":1,"featured_media":0,"parent":0,"menu_order":0,"comment_status":"closed","ping_status":"closed","template":"","meta":{"footnotes":""},"class_list":["post-1302","page","type-page","status-publish","hentry"],"_links":{"self":[{"href":"https:\/\/zum-skierniewice.pl\/index.php\/wp-json\/wp\/v2\/pages\/1302","targetHints":{"allow":["GET"]}}],"collection":[{"href":"https:\/\/zum-skierniewice.pl\/index.php\/wp-json\/wp\/v2\/pages"}],"about":[{"href":"https:\/\/zum-skierniewice.pl\/index.php\/wp-json\/wp\/v2\/types\/page"}],"author":[{"embeddable":true,"href":"https:\/\/zum-skierniewice.pl\/index.php\/wp-json\/wp\/v2\/users\/1"}],"replies":[{"embeddable":true,"href":"https:\/\/zum-skierniewice.pl\/index.php\/wp-json\/wp\/v2\/comments?post=1302"}],"version-history":[{"count":20,"href":"https:\/\/zum-skierniewice.pl\/index.php\/wp-json\/wp\/v2\/pages\/1302\/revisions"}],"predecessor-version":[{"id":2449,"href":"https:\/\/zum-skierniewice.pl\/index.php\/wp-json\/wp\/v2\/pages\/1302\/revisions\/2449"}],"wp:attachment":[{"href":"https:\/\/zum-skierniewice.pl\/index.php\/wp-json\/wp\/v2\/media?parent=1302"}],"curies":[{"name":"wp","href":"https:\/\/api.w.org\/{rel}","templated":true}]}}